 50?
50
Let t = -3 - -1. Let h(c) = -54*c. Let i be h(t). What is the highest common divisor of 12 and i?
12
Suppose -3*u + 120 = -0*u. What is the greatest common divisor of 20 and u?
20
Let r(z) = -z**3 - 6*z**2 - z - 1. Let k be r(-6). Suppose k*y = 9*y - 52. Calculate the greatest common divisor of 39 and y.
13
Let x = -15 + 24. What is the greatest common factor of 99 and x?
9
Suppose 4 = 5*q - 26. What is the greatest common factor of 66 and q?
6
Let r = 177 + -37. Suppose -r = -t - 2*n, -2*n = -3*t - 0*n + 380. Suppose -5*a = -t + 20. Calculate the highest common factor of a and 33.
11
Let z(h) = 2*h**3 - 7*h**2 - 9. Let o be z(5). Let y = 16 + -10. Calculate the greatest common factor of o and y.
6
Suppose 5*m + 0 - 2 = 4*h, -2*m = 4*h - 12. Let i(d) = 2*d**2 - 4*d + 3. Let a be i(m). Let v = 21 - 12. What is the highest common factor of a and v?
3
Suppose 4*t = 2*n + 968, 0 = -2*t - 0*n + 3*n + 480. Calculate the greatest common factor of t and 27.
27
Suppose -3*g + 73 = -59. Calculate the greatest common divisor of g and 11.
11
Suppose 2*c = -a - 3 + 13, -5*c + 3*a = -25. Let t(q) = -4*q**2 + 5*q**2 + 0*q**2 - q - c*q + 2. Let y be t(6). What is the greatest common factor of y and 6?
2
Let l = 6 - -165. Let v = -34 + 53. What is the greatest common divisor of l and v?
19
Let o(t) = 2*t**2 + 7*t - 1. Let f be o(-5). Let i(q) = 2*q - 10. Let c be i(f). Calculate the highest common divisor of 126 and c.
18
Let a = 86 + 59. Suppose a = 3*z + 4*p, 3*z - 3*p - 170 = -2*p. Let j be 4 + -1 + 1 - -1. Calculate the greatest common factor of j and z.
5
Let z(m) = 10*m**2 + 3*m - 4. Let y be z(-3). What is the greatest common factor of 11 and y?
11
Let f(s) = 2*s. Let o be f(-1). Let r be (o/4)/(9/(-288)). Calculate the highest common divisor of r and 4.
4
Let x = 15 - 13. Let j be (3 + 1)/(x/11). Let h be 2/4 - 87/(-2). What is the greatest common divisor of h and j?
22
Suppose -27 = -5*k + 73. Let d be (-5)/((1 + 3/(-5))/(-4)). Calculate the greatest common factor of d and k.
10
Let n = 74 + -44. Calculate the greatest common factor of n and 10.
10
Let m be 16 + (-2)/(-4)*-4. Let h be (3 - 0 - 4)*-56. What is the highest common divisor of m and h?
14
Suppose 1 - 25 = -2*b. What is the greatest common divisor of 12 and b?
12
Suppose 0*a - d = a, 0 = a + 2*d + 3. Suppose -a*s = -2*s - 12. Let f = 6 - -2. Calculate the greatest common factor of s and f.
4
Suppose -a = -3*w + 132, -w + 3*a = 3*w - 171. Calculate the highest common factor of 15 and w.
15
Let a = -6 + 21. What is the greatest common divisor of 60 and a?
15
Suppose u - 17 = -2*t, 19 = t - 2*t + 5*u. What is the highest common divisor of t and 15?
3
Let q = 5 - 1. Suppose 1 = -v - 5*h, 3*v = -0*v - q*h + 19. What is the greatest common factor of 36 and v?
9
Let t be (5/(-10))/((-4)/40). Let m = t + 0. Calculate the highest common divisor of m and 5.
5
Let x(w) = -w**3 + 8. Let p be x(0). Let l be 110/p + (-9)/(-36). What is the highest common factor of l and 2?
2
Let h be ((-30)/8)/(6/(-176)). What is the greatest common divisor of h and 22?
22
Suppose -4*c - 7 = -k, 4*k - 2*k - 10 = 4*c. Suppose 0*x - 2 = -x. Calculate the highest common divisor of k and x.
1
Let u be -1 + 2 + -2 + 5. Suppose -30 = x + u*x. Let h(w) = w + 12. Let m be h(x). What is the greatest common divisor of m and 6?
6
Let l(u) = 6*u - 34. Let p be l(7). Calculate the greatest common factor of 64 and p.
8
Let r = -10 - -13. Suppose 0*c + 12 = 3*c + 3*p, 0 = r*c - 5*p - 12. Calculate the greatest common divisor of c and 28.
4
Suppose 9*i = 18*i - 396. Calculate the highest common divisor of 110 and i.
22
Let q(c) = 2*c**2 + 6*c - 11. Let i be q(-6). What is the greatest common divisor of 5 and i?
5
Let u = 96 - 20. Calculate the greatest common divisor of u and 190.
38
Let r = 206 - 121. Let a = 5 + 12. Calculate the greatest common factor of r and a.
17
Suppose 6 = k - 0*k. Let n(p) = 3*p**2 + 7*p + 3. Let d be n(k). What is the highest common divisor of 17 and d?
17
Suppose 4*x + x - 1080 = 0. Calculate the highest common factor of 24 and x.
24
Let n(y) = -19*y - 27. Let d be n(-5). Calculate the highest common factor of 170 and d.
34
Suppose 5 = 2*p + 3*p. Let z = -7 + 16. What is the greatest common divisor of z and p?
1
Let p = -332 + 588. What is the greatest common factor of p and 32?
32
Let c(j) be the first derivative of 3*j**2/2 - j + 3. Let s be c(8). Let z = s - 11. Calculate the greatest common divisor of 8 and z.
4
Let a be 94*1/2 + (0 - 1). What is the highest common divisor of 115 and a?
23
Let d(y) = y**2 + y + 6. Let w be d(0). Let v be (-38)/(-6) - (-4)/w. Let g = 33 - 32. Calculate the highest common factor of v and g.
1
Let l(r) = 1 - 6*r**2 + 10*r**2 + 7*r**2 + 4*r. Let b be l(-3). Suppose -5*x = m - 23, -m - 5*x + 2*x + 17 = 0. Calculate the greatest common factor of b and m.
8
Let y = 12 + -9. Suppose 3*o - 46 = 26. What is the highest common divisor of o and y?
3
Let c = -15 - -20. Calculate the greatest common factor of 25 and c.
5
Suppose -6*u + 62 = q - 3*u, -2*u + 298 = 4*q. Calculate the highest common factor of q and 11.
11
Suppose 5*x = 5*j - 25, 2*x = -2*j - 0 + 2. Let w be 0 - -2*9/j. Suppose -2*k + 3 = -9. Calculate the greatest common divisor of k and w.
6
Suppose 28 = -4*f + 40. What is the greatest common divisor of f and 9?
3
Let k(t) = t + 8. Let o be k(-6). Suppose o*a - 66 = 18. What is the greatest common divisor of a and 14?
14
Let m(n) = n**3 - 9*n**2 + 3*n - 17. Let v be m(9). What is the greatest common divisor of 80 and v?
10
Suppose -4*k - k + 69 = m, 8 = 2*m. Let p(t) = 2*t - 6. Let z be p(5). Suppose -z*d = -0*d - 208. What is the highest common factor of k and d?
13
Let v = 27 - -1. Calculate the highest common divisor of v and 84.
28
Suppose -2*o - 1 = -31. What is the greatest common factor of o and 120?
15
Let k be 435 - (111/39 + (-2)/(-13)). What is the greatest common divisor of 27 and k?
27
Let n = -6 + 0. Let a be n - 0 - (5 + -7). Let c = a - -9. Calculate the highest common divisor of c and 10.
5
Suppose 14 = 3*v + y, -y - 6 - 10 = -3*v. What is the highest common divisor of 2 and v?
1
Suppose t = 2 - 0. Calculate the highest common factor of t and 1.
1
Suppose 0*i + 22 = i. Let o = 0 + i. What is the highest common divisor of o and 55?
11
Suppose 4*j - 19 = 21. What is the highest common divisor of j and 130?
10
Let n be (4/6)/(2/(-3)). Let z be (n/3)/((-1)/30). What is the greatest common divisor of 30 and z?
10
Suppose -4*p - c + 31 = 0, 0 = 5*p + 5*c + 12 - 62. Let f = -46 + 123. What is the greatest common factor of p and f?
7
Let c = -96 - -161. Let m be 2/(-1) - 24/(-3). Let i(r) = r**2 - 3*r - 5. Let p be i(m). What is the greatest common divisor of c and p?
13
Let o = -3 + 10. Calculate the highest common factor of o and 7.
7
Suppose 0 = 2*b - 6*b + 124. Let s = -22 + b. Suppose 0 = -3*q + 7*q - 5*m - 14, -5*m - 8 = 2*q. What is the greatest common factor of s and q?
1
Suppose 4 + 0 = 2*q. What is the greatest common factor of q and 6?
2
Suppose 0*v - 3*v = 18. Let j = v - -9. Let b be j/2*(1 - -1). Calculate the greatest common divisor of 3 and b.
3
Let y be ((255/(-12))/(-5))/((-7)/(-28)). What is the highest common factor of 221 and y?
17
Suppose -z + 2*z + 1091 = 4*k, -1366 = -5*k + 2*z. Suppose -5*g + k = -g. Let j = -3 - -20. What is the greatest common divisor of g and j?
17
Suppose m - 2*t - 67 = 0, 2*m - 133 = 5*t - 2*t. Calculate the highest common divisor of 26 and m.
13
Let y = 3 + 0. Let w be (2 + -3)/(y/447). Let c = 270 + w. What is the highest common factor of 11 and c?
11
Let a be 15 + 3/(-3) + 0. Suppose 0 = i - 3*p - a - 5, -5*p - 65 = -5*i. Calculate the greatest common factor of 5 and i.
5
Let q = 42 - 17. Suppose -3*d + 15 = 0, -2*y - d + q = -0*d. What is the highest common divisor of 100 and y?
10
Let r = 7 - -3. Let u be (-32)/14 - 4/(-14). Let d be 10/(2*(-1)/u). Calculate the highest common divisor of d and r.
10
Suppose -5*w = w - 480. Calculate the greatest common divisor of 20 and w.
20
Let b = 15 + 65. Calculate the greatest common divisor of b and 10.
10
Suppose -4*l + 9*l - 2450 = 0. Suppose -l = 2*d - 9*d. What is the highest common divisor of 10 and d?
10
Suppose 80 = -5*v + 9*v. Calculate the highest com